{"id":1675,"date":"2019-11-21T22:40:45","date_gmt":"2019-11-21T21:40:45","guid":{"rendered":"http:\/\/preprod.boucles-drome-ardeche.fr\/?page_id=1675"},"modified":"2026-03-01T20:29:50","modified_gmt":"2026-03-01T19:29:50","slug":"resultats-palmares-drome","status":"publish","type":"page","link":"https:\/\/boucles-drome-ardeche.fr\/index.php\/faun-drome-classic\/resultats-palmares-drome\/","title":{"rendered":"R\u00e9sultats &#038; Palmar\u00e8s"},"content":{"rendered":"<p>[vc_row][vc_column][vc_column_text]<\/p>\n<h1 style=\"text-align: center;\">1 Mars 2026<\/h1>\n<p>[\/vc_column_text][vc_empty_space][vc_row_inner][vc_column_inner width=&#8221;1\/2&#8243;][vc_single_image image=&#8221;4668&#8243; img_size=&#8221;full&#8221;][vc_column_text]<\/p>\n<h5>credits @billy_lebelge<\/h5>\n<p>[\/vc_column_text][\/vc_column_inner][vc_column_inner width=&#8221;1\/2&#8243;][vc_single_image image=&#8221;4669&#8243; img_size=&#8221;full&#8221;][\/vc_column_inner][\/vc_row_inner][vc_empty_space][\/vc_column][\/vc_row][vc_row][vc_column][vc_column_text]<\/p>\n<h1><span id=\"m_-7413031793497335069gmail-docs-internal-guid-5a1a945a-7fff-760a-9a64-275e03a1192a\">Romain Gr\u00e9goire, au punch, pour s\u2019offrir la Faun Dr\u00f4me Classic 2026 !<\/span><\/h1>\n<p dir=\"ltr\">Romain Gr\u00e9goire (Groupama-FDJ United) s\u2019est adjug\u00e9 la Faun Dr\u00f4me Classic 2026 au terme d\u2019un final haletant. D\u00e9j\u00e0 vainqueur l\u2019an dernier de la Faun Ard\u00e8che Classic, le Fran\u00e7ais r\u00e9alise le doubl\u00e9 et rejoint ainsi le cercle ferm\u00e9 des coureurs ayant inscrit les deux \u00e9preuves \u00e0 leur palmar\u00e8s, \u00e0 l\u2019image de Juan Ayuso, Lilian Calmejane ou encore Romain Bardet.<\/p>\n<p dir=\"ltr\">Sur les routes vallonn\u00e9es et \u00e0 travers les villages perch\u00e9s de la Dr\u00f4me, la course a offert un sc\u00e9nario d\u00e9cousu et spectaculaire. Apr\u00e8s une \u00e9chapp\u00e9e matinale, les hostilit\u00e9s ont v\u00e9ritablement d\u00e9but\u00e9 \u00e0 38 kilom\u00e8tres de l\u2019arriv\u00e9e, dans le col de la Grande Limite. Mattias Skjelmose (Lidl-Trek), Ben Tulett (Visma | Lease a Bike) et Lenny Martinez (Team Bahrain Victorious) ont tent\u00e9 de faire basculer la course, mais leur offensive a \u00e9t\u00e9 annihil\u00e9e dans la c\u00f4te des Roberts, dont les pourcentages ont d\u00e9finitivement fait \u00e9clater le peloton.<\/p>\n<p dir=\"ltr\">La finale s\u2019est alors transform\u00e9e en une succession d\u2019attaques. Et \u00e0 ce jeu-l\u00e0, ce sont Romain Gr\u00e9goire et Matteo Jorgenson qui ont plac\u00e9 l\u2019acc\u00e9l\u00e9ration d\u00e9cisive \u00e0 17km de l\u2019arriv\u00e9e. Le contre spectaculaire de Beno\u00eet Cosnefroy (UAE Team Emirates) dans le dernier passage du mur d\u2019Allex \u2013 devant un public venu en nombre \u2013 n\u2019a pas suffi, malgr\u00e9 tout son panache, r\u00e9compens\u00e9 par le dossard vert Faun Environnement.<\/p>\n<p dir=\"ltr\">Devant, Gr\u00e9goire et Jorgenson ont en effet r\u00e9sist\u00e9 jusqu\u2019au bout. Le peloton est revenu \u00e0 quelques m\u00e8tres dans la redoutable C\u00f4te Chaude d\u2019\u00c9toile-sur-Rh\u00f4ne, ultime juge de paix, mais le duo n\u2019a jamais \u00e9t\u00e9 revu. Au sprint \u00e0 deux, Romain Gr\u00e9goire a fait parler son punch pour s\u2019imposer. Lenny Martinez compl\u00e8te le podium, comme la veille en Ard\u00e8che.<\/p>\n<p dir=\"ltr\">Le week-end des Boucles Dr\u00f4me-Ard\u00e8che s\u2019ach\u00e8ve sur une deuxi\u00e8me Marseillaise et la confirmation \u00e9clatante de la nouvelle g\u00e9n\u00e9ration fran\u00e7aise.<\/p>\n<p>&nbsp;<\/p>\n<p>photos \u00e0 venir[\/vc_column_text][vc_empty_space][vc_single_image image=&#8221;4661&#8243; img_size=&#8221;large&#8221; alignment=&#8221;center&#8221;][vc_empty_space][vc_btn title=&#8221;Le classement 2026 (PDF)&#8221; color=&#8221;green&#8221; align=&#8221;center&#8221; link=&#8221;url:https%3A%2F%2Fboucles-drome-ardeche.fr%2Fwp-content%2Fuploads%2F2026%2F03%2Fresultats-drome-2026.pdf||target:%20_blank|&#8221;][\/vc_column][\/vc_row][vc_row][vc_column][vc_empty_space height=&#8221;80px&#8221;][\/vc_column][\/vc_row][vc_row][vc_column][vc_column_text]<\/p>\n<h1 style=\"text-align: center;\">PALMAR\u00c8S<\/h1>\n<p>[\/vc_column_text][\/vc_column][\/vc_row][vc_row][vc_column]<div class=\"sc_table\" style=\"width:100%;\">[vc_row][vc_column]<div class=\"sc_table aligncenter ltext margin_top_null margin_bottom_null\" data-animation=\"animated fadeInUp normal\" style=\"width:100%;\"><\/div>\n<table style=\"height: 236px;\" width=\"682\">\n<tbody>\n<tr>\n<td>\u00c9DITION<\/td>\n<td>VAINQUEUR<\/td>\n<td>DEUXI\u00c8ME<\/td>\n<td>TROISI\u00c8ME<\/td>\n<\/tr>\n<tr>\n<td style=\"text-align: left;\">2026<\/td>\n<td><img decoding=\"async\" src=\"https:\/\/boucles-drome-ardeche.fr\/wp-content\/uploads\/2024\/02\/FR.png\" width=\"20\" \/>Romain Gr\u00e9goire<\/td>\n<td><img decoding=\"async\" src=\"https:\/\/boucles-drome-ardeche.fr\/wp-content\/uploads\/2024\/02\/US.png\" width=\"20\" \/>Matteo Jorgenson<\/td>\n<td><img decoding=\"async\" src=\"https:\/\/boucles-drome-ardeche.fr\/wp-content\/uploads\/2024\/02\/FR.png\" width=\"20\" \/>Lenny Martinez<\/td>\n<\/tr>\n<tr>\n<td style=\"text-align: left;\">2025<\/td>\n<td><img decoding=\"async\" src=\"https:\/\/boucles-drome-ardeche.fr\/wp-content\/uploads\/2024\/02\/ES.png\" width=\"20\" \/>Juan Ayuso<\/td>\n<td><img decoding=\"async\" src=\"https:\/\/boucles-drome-ardeche.fr\/wp-content\/uploads\/2024\/02\/DK.png\" width=\"20\" \/>Mattias Skjelmose<\/td>\n<td><img decoding=\"async\" src=\"https:\/\/boucles-drome-ardeche.fr\/wp-content\/uploads\/2024\/02\/GB.png\" width=\"20\" \/>Ben Tullet<\/td>\n<\/tr>\n<tr>\n<td style=\"text-align: left;\">2024<\/td>\n<td><img decoding=\"async\" src=\"https:\/\/boucles-drome-ardeche.fr\/wp-content\/uploads\/2024\/02\/CH.png\" width=\"20\" \/> Marc Hirschi<\/td>\n<td><img decoding=\"async\" src=\"https:\/\/boucles-drome-ardeche.fr\/wp-content\/uploads\/2024\/02\/ES.png\" width=\"20\" \/>Juan Ayuso<\/td>\n<td><img decoding=\"async\" src=\"https:\/\/boucles-drome-ardeche.fr\/wp-content\/uploads\/2024\/02\/BE.png\" width=\"20\" \/>Maxim Van Gils<\/td>\n<\/tr>\n<tr>\n<td style=\"text-align: left;\">2023<\/td>\n<td><img decoding=\"async\" src=\"https:\/\/boucles-drome-ardeche.fr\/wp-content\/uploads\/2024\/02\/FR.png\" width=\"20\" \/> Anthony Perez<\/td>\n<td><img decoding=\"async\" src=\"https:\/\/boucles-drome-ardeche.fr\/wp-content\/uploads\/2024\/02\/PT.png\" width=\"20\" \/>Rui Costa<\/td>\n<td><img decoding=\"async\" src=\"https:\/\/boucles-drome-ardeche.fr\/wp-content\/uploads\/2024\/02\/IT.png\" width=\"20\" \/>Andrea Bagioli<\/td>\n<\/tr>\n<tr>\n<td style=\"text-align: left;\">2022<\/td>\n<td><img decoding=\"async\" src=\"https:\/\/boucles-drome-ardeche.fr\/wp-content\/uploads\/2024\/02\/DK.png\" width=\"20\" \/> Jonas Vingegaard<\/td>\n<td><img decoding=\"async\" src=\"https:\/\/boucles-drome-ardeche.fr\/wp-content\/uploads\/2024\/02\/FR.png\" width=\"20\" \/> Guillaume Martin<\/td>\n<td><img decoding=\"async\" src=\"https:\/\/boucles-drome-ardeche.fr\/wp-content\/uploads\/2024\/02\/FR.png\" width=\"20\" \/> Benoit Cosnefroy<\/td>\n<\/tr>\n<tr>\n<td style=\"text-align: left;\">2021<\/td>\n<td><img decoding=\"async\" src=\"https:\/\/boucles-drome-ardeche.fr\/wp-content\/uploads\/2024\/02\/IT.png\" width=\"20\" \/>Andrea Bagioli<\/td>\n<td><img decoding=\"async\" src=\"https:\/\/boucles-drome-ardeche.fr\/wp-content\/uploads\/2024\/02\/ZA.png\" width=\"20\" \/> Daryl Impey<\/td>\n<td><img decoding=\"async\" src=\"https:\/\/boucles-drome-ardeche.fr\/wp-content\/uploads\/2024\/02\/DK.png\" width=\"20\" \/> Mikkel Honor\u00e9<\/td>\n<\/tr>\n<tr>\n<td style=\"text-align: left;\">2020<\/td>\n<td><img decoding=\"async\" src=\"https:\/\/boucles-drome-ardeche.fr\/wp-content\/uploads\/2024\/02\/AU.png\" width=\"20\" \/>\u00a0Simon Clarke<\/td>\n<td><img decoding=\"async\" src=\"https:\/\/boucles-drome-ardeche.fr\/wp-content\/uploads\/2024\/02\/FR.png\" width=\"20\" \/>\u00a0Warren Barguil<\/td>\n<td><img decoding=\"async\" src=\"https:\/\/boucles-drome-ardeche.fr\/wp-content\/uploads\/2024\/02\/IT.png\" width=\"20\" \/>Vincenzo Nibali<\/td>\n<\/tr>\n<tr>\n<td style=\"text-align: left;\">2019<\/td>\n<td><img decoding=\"async\" src=\"https:\/\/boucles-drome-ardeche.fr\/wp-content\/uploads\/2024\/02\/FR.png\" width=\"20\" \/> Alexis Vuillermoz<\/td>\n<td><img decoding=\"async\" src=\"https:\/\/boucles-drome-ardeche.fr\/wp-content\/uploads\/2024\/02\/FR.png\" width=\"20\" \/> Valentin Madouas<\/td>\n<td><img decoding=\"async\" src=\"https:\/\/boucles-drome-ardeche.fr\/wp-content\/uploads\/2024\/02\/FR.png\" width=\"20\" \/> Warren Barguil<\/td>\n<\/tr>\n<tr>\n<td style=\"text-align: left;\">2018<\/td>\n<td><img decoding=\"async\" src=\"https:\/\/boucles-drome-ardeche.fr\/wp-content\/uploads\/2024\/02\/FR.png\" width=\"20\" \/>\u00a0Lilian Calmejane<\/td>\n<td><img decoding=\"async\" src=\"https:\/\/boucles-drome-ardeche.fr\/wp-content\/uploads\/2024\/02\/ECU.png\" width=\"20\" \/>Jhonatan Narv\u00e1ez<\/td>\n<td><img decoding=\"async\" src=\"https:\/\/boucles-drome-ardeche.fr\/wp-content\/uploads\/2024\/02\/LU.png\" width=\"20\" \/>\u00a0Bob Jungels<\/td>\n<\/tr>\n<tr>\n<td style=\"text-align: left;\">2017<\/td>\n<td><img decoding=\"async\" src=\"https:\/\/boucles-drome-ardeche.fr\/wp-content\/uploads\/2024\/02\/BE.png\" width=\"20\" \/>S\u00e9bastien Delfosse<\/td>\n<td><img decoding=\"async\" src=\"https:\/\/boucles-drome-ardeche.fr\/wp-content\/uploads\/2024\/02\/FR.png\" width=\"20\" \/>Arthur Vichot<\/td>\n<td><img decoding=\"async\" src=\"https:\/\/boucles-drome-ardeche.fr\/wp-content\/uploads\/2024\/02\/BE.png\" width=\"20\" \/>Jan Bakelants<\/td>\n<\/tr>\n<tr>\n<td style=\"text-align: left;\">2016<\/td>\n<td><img decoding=\"async\" src=\"https:\/\/boucles-drome-ardeche.fr\/wp-content\/uploads\/2024\/02\/CZ.png\" width=\"20\" \/>>\u00a0Petr Vako\u010d<\/td>\n<td><img decoding=\"async\" src=\"https:\/\/boucles-drome-ardeche.fr\/wp-content\/uploads\/2024\/02\/BE.png\" width=\"20\" \/>Jan Bakelants<\/td>\n<td><img decoding=\"async\" src=\"https:\/\/boucles-drome-ardeche.fr\/wp-content\/uploads\/2024\/02\/FR.png\" width=\"20\" \/>Arthur Vichot<\/td>\n<\/tr>\n<tr>\n<td style=\"text-align: left;\">2015<\/td>\n<td><img decoding=\"async\" src=\"https:\/\/boucles-drome-ardeche.fr\/wp-content\/uploads\/2024\/02\/FR.png\" width=\"20\" \/>\u00a0Samuel Dumoulin<\/td>\n<td><img decoding=\"async\" src=\"https:\/\/boucles-drome-ardeche.fr\/wp-content\/uploads\/2024\/02\/IT.png\" width=\"20\" \/>Fabio Felline<\/td>\n<td><img decoding=\"async\" src=\"https:\/\/boucles-drome-ardeche.fr\/wp-content\/uploads\/2024\/02\/BE.png\" width=\"20\" \/>S\u00e9bastien Delfosse<\/td>\n<\/tr>\n<tr>\n<td style=\"text-align: left;\">2014<\/td>\n<td><img decoding=\"async\" src=\"https:\/\/boucles-drome-ardeche.fr\/wp-content\/uploads\/2024\/02\/FR.png\" width=\"20\" \/>\u00a0Romain Bardet<\/td>\n<td><img decoding=\"async\" src=\"https:\/\/boucles-drome-ardeche.fr\/wp-content\/uploads\/2024\/02\/BE.png\" width=\"20\" \/>\u00a0S\u00e9bastien Delfosse<\/td>\n<td><img decoding=\"async\" src=\"https:\/\/boucles-drome-ardeche.fr\/wp-content\/uploads\/2024\/02\/BE.png\" width=\"20\" \/>Gianni Meersman<\/td>\n<\/tr>\n<\/tbody>\n<\/table>\n<p><\/div>[\/vc_column][\/vc_row]<\/p>\n","protected":false},"excerpt":{"rendered":"<p>[vc_row][vc_column][vc_column_text] 1 Mars 2026 [\/vc_column_text][vc_empty_space][vc_row_inner][vc_column_inner width=&#8221;1\/2&#8243;][vc_single_image image=&#8221;4668&#8243; img_size=&#8221;full&#8221;][vc_column_text] credits @billy_lebelge [\/vc_column_text][\/vc_column_inner][vc_column_inner width=&#8221;1\/2&#8243;][vc_single_image image=&#8221;4669&#8243; img_size=&#8221;full&#8221;][\/vc_column_inner][\/vc_row_inner][vc_empty_space][\/vc_column][\/vc_row][vc_row][vc_column][vc_column_text] Romain Gr\u00e9goire, au punch, pour s\u2019offrir la Faun Dr\u00f4me Classic 2026 ! Romain Gr\u00e9goire (Groupama-FDJ United) s\u2019est adjug\u00e9 la Faun Dr\u00f4me Classic 2026 au terme d\u2019un final haletant. D\u00e9j\u00e0 vainqueur l\u2019an dernier de la Faun Ard\u00e8che Classic, le Fran\u00e7ais r\u00e9alise le [&hellip;]<\/p>\n","protected":false},"author":1,"featured_media":0,"parent":4043,"menu_order":0,"comment_status":"closed","ping_status":"closed","template":"","meta":{"footnotes":""},"class_list":["post-1675","page","type-page","status-publish","hentry"],"_links":{"self":[{"href":"https:\/\/boucles-drome-ardeche.fr\/index.php\/wp-json\/wp\/v2\/pages\/1675","targetHints":{"allow":["GET"]}}],"collection":[{"href":"https:\/\/boucles-drome-ardeche.fr\/index.php\/wp-json\/wp\/v2\/pages"}],"about":[{"href":"https:\/\/boucles-drome-ardeche.fr\/index.php\/wp-json\/wp\/v2\/types\/page"}],"author":[{"embeddable":true,"href":"https:\/\/boucles-drome-ardeche.fr\/index.php\/wp-json\/wp\/v2\/users\/1"}],"replies":[{"embeddable":true,"href":"https:\/\/boucles-drome-ardeche.fr\/index.php\/wp-json\/wp\/v2\/comments?post=1675"}],"version-history":[{"count":59,"href":"https:\/\/boucles-drome-ardeche.fr\/index.php\/wp-json\/wp\/v2\/pages\/1675\/revisions"}],"predecessor-version":[{"id":4671,"href":"https:\/\/boucles-drome-ardeche.fr\/index.php\/wp-json\/wp\/v2\/pages\/1675\/revisions\/4671"}],"up":[{"embeddable":true,"href":"https:\/\/boucles-drome-ardeche.fr\/index.php\/wp-json\/wp\/v2\/pages\/4043"}],"wp:attachment":[{"href":"https:\/\/boucles-drome-ardeche.fr\/index.php\/wp-json\/wp\/v2\/media?parent=1675"}],"curies":[{"name":"wp","href":"https:\/\/api.w.org\/{rel}","templated":true}]}}